the prime factors of (-2)/(-1*y/(-39))?
13
Suppose 155 = 2*n + 3*n. Let q = 58 - n. List the prime factors of q.
3
Let t(h) = -5*h - 3. What are the prime factors of t(-3)?
2, 3
Let h(t) = t**2 - t - 3. What are the prime factors of h(-3)?
3
Let t be (11/(-3))/(1/3). Let x = -2 - t. List the prime factors of x.
3
Let o(g) = g**3 - 5*g**2 - 5*g + 3. What are the prime factors of o(6)?
3
Suppose -s = 4*j - 186, s = 2*s + 3*j - 184. List the prime factors of s.
2, 89
Suppose 4*j - 5*z - 8 = 3*j, -20 = 5*z. What are the prime factors of (-189)/j - (-2)/8?
2
Let f(n) be the second derivative of -n**4/12 + 15*n**2/2 - 2*n. What are the prime factors of f(0)?
3, 5
Let j(b) = b**3 - 4*b**2 + 2*b + 2. Let y be j(3). Let f = y - -1. Suppose 0 = 4*m - 5*h + 2, 0 = -5*m + 5*h - f*h. List the prime factors of m.
2
Let z = -1 - -1. Suppose z = 4*a - x - 31, 0*a - 3*x - 21 = -4*a. What are the prime factors of a?
3
List the prime factors of 1372/42 - (-1)/3.
3, 11
Let t = 62 + -48. List the prime factors of t.
2, 7
Suppose -3*n - 11 = 3*l + 7, 4*n = -l - 21. What are the prime factors of 1 + (-4 - -9 - l)?
7
What are the prime factors of 1/(2/(-6)) - -92?
89
Suppose 3*f + 2*f + 12 = -4*n, -6 = n + 2*f. Suppose -n*q = -3*q + 4. Let j(p) = -p**3 + 6*p**2 - 7*p + 5. List the prime factors of j(q).
3
Let z = -65 - -187. What are the prime factors of z?
2, 61
Let b(c) = -c**3 + 10*c**2 - c + 12. Let a be 8 + 1 + 0 + 1. List the prime factors of b(a).
2
Suppose -4*b + 0 = -4. Suppose 3*q - 34 + b = 0. List the prime factors of q.
11
Let m be ((-5)/(-10))/((-1)/(-12)). Suppose -7 = -4*o - 2*p + 3, 2*p - m = 0. List the prime factors of (5 - 6) + 3*o.
2
Let w = -135 - -357. What are the prime factors of w?
2, 3, 37
What are the prime factors of 28/(-42) + (-124)/(-6)?
2, 5
Let p = 19 - 16. Suppose -2*x = 4*v - 62, 2*x + 2*x - 179 = p*v. What are the prime factors of x?
41
Let r(l) = l**3 + 11*l**2 + 20*l + 15. What are the prime factors of r(-8)?
47
Suppose 6*t - 42 = -t. Let a = -6 + 2. Let b = a + t. List the prime factors of b.
2
Let k(z) = z**2 - 11 - 4*z - 6*z - z + 2*z. What are the prime factors of k(11)?
11
Let v(y) = -y**3 - 2*y**2 + y - 7. Let r be v(3). Let q = 87 + r. What are the prime factors of q?
2, 19
Let z = 6 + -3. Let t = z - 1. Suppose -4*b + t*n + 34 = 0, 3*b - 2*n = b + 20. What are the prime factors of b?
7
Suppose -2*x + 5*x = -75. Let y be (-24)/(-10) - 15/x. Suppose -3*c - 3*f = -f - 48, -y*f - 48 = -3*c. What are the prime factors of c?
2
List the prime factors of 5/(10/6) + 0.
3
Let i(x) = -x. Let w be i(0). Let c = w - -11. What are the prime factors of c?
11
Let r = 11 + 12. List the prime factors of r.
23
Suppose 3*c + 2 = 14. Suppose 0 = -4*q + 4*f - c, 3 = 4*q - 5*f + 8. Suppose q*z + 85 = 5*z + 3*n, -4*n = 20. List the prime factors of z.
2, 5
Let d be -15*(-1)/(-6)*-2. Suppose -22 = -4*v + 2*u, -d*u - 2 = 4*v - 17. Let l = 8 - v. List the prime factors of l.
3
Suppose 8 + 32 = 5*a. Let p = 13 - a. List the prime factors of p.
5
Suppose 3*z - 5*g + g = 559, 0 = -4*z + 3*g + 736. List the prime factors of z.
181
Let d(j) = j**3 + 3*j**2 + j - 4. Let k be d(-3). Let m be (2 - 2) + (-4 - -5). Let w = m - k. List the prime factors of w.
2
Suppose -1119 = -4*n - 287. Suppose 2*m - n = -3*m + a, -2*m - 4*a + 70 = 0. What are the prime factors of m?
41
Let t(q) = -2*q**3 - 18*q**2 + 2*q - 14. What are the prime factors of t(-10)?
2, 83
Suppose 0 = 2*s + 4*s. Suppose s = -2*c + 52 + 58. What are the prime factors of c?
5, 11
Let v = 23 + -12. Suppose -v = -l + 33. List the prime factors of l.
2, 11
Suppose 3*v = -1 + 4. List the prime factors of v/(1 + 2/(-3)).
3
List the prime factors of 43*(4 + -2 - -3) + 0.
5, 43
Let u(n) = 2*n**2 - 8*n + 2. Let y be u(3). Let a be -8*(-2)/(-4 - 0). List the prime factors of a/(-2 - 6/y).
2
Let q(v) be the third derivative of v**6/120 - v**5/60 + v**3/6 - 2*v**2. Let m be q(1). List the prime factors of (14/2 - m) + -3.
3
Let c(y) = -y**3 - 8*y**2 - 6*y - 4. Suppose 0 = -5*r + 20, 0*r + 10 = -2*d - r. Let m be c(d). List the prime factors of -1 - -2 - m - 1.
11
Let k(m) = 3*m**3 + m**2 + 8. Let z(l) = -4*l**3 - l**2 - 9. Let c(r) = 3*k(r) + 2*z(r). What are the prime factors of c(0)?
2, 3
Suppose -17 + 57 = f + 2*o, 0 = 3*f - 2*o - 128. Let k = f + -21. List the prime factors of k.
3, 7
Suppose 5*r - 18 = 2*j, 0*j = -r - 4*j + 8. Let u be ((-21)/(-14))/(2/r). Let q(a) = a**3 - 2*a**2 + 3*a. What are the prime factors of q(u)?
2, 3
Let r(o) = 4*o - 15. Let h(m) = m + 4. Let q be h(6). What are the prime factors of r(q)?
5
Suppose 92 = 2*q - 360. Suppose -2*k - q = -4*d, d = -k + 2*k + 56. List the prime factors of d.
3, 19
Let h = 3 - 4. Let o be (4 - h)/(3/9). Suppose 0 = 2*n + 3*c - o - 3, -5*n = 5*c - 50. List the prime factors of n.
2, 3
Suppose -5*a = -2*t - t - 238, -4*t = -3*a + 134. What are the prime factors of a?
2, 5
Let h(a) = 4*a**2 - a + 21. List the prime factors of h(7).
2, 3, 5, 7
Let o(f) = -34*f**3 - f. List the prime factors of o(-1).
5, 7
Let l be (-7)/(2 - (-1 + 4)). Suppose -3*j + 2 = 2*v, -2*j = 3*j + 5*v. Suppose -j*m - 70 = -l*m. List the prime factors of m.
2, 7
Let i(d) = -d**3 + 9*d**2 - 9*d + 10. List the prime factors of i(6).
2
Suppose 3*y - 5*i = 61, -3*y - 2*i = 2*y - 112. List the prime factors of y.
2, 11
Let r = -561 + 871. What are the prime factors of r?
2, 5, 31
Suppose -3*n - g - 4 = 0, -5*n - g - 5 = 3. List the prime factors of (4/(-12))/(n/90).
3, 5
Let v = 1094 + -775. What are the prime factors of v?
11, 29
Suppose i + 8 = 2*i. Suppose -6*l + i*l = 56. List the prime factors of l.
2, 7
Let d = 13 + -11. Suppose 4*p - d = -n, -5*p + 2*p = 6. What are the prime factors of n?
2, 5
Suppose 6*j + 84 = j + 3*y, -2*y - 4 = 0. Let v be j/(-12)*16/6. Suppose 5*k = 4*q - 57, -4*q = -5*q - v*k + 30. What are the prime factors of q?
2, 3
Suppose 0 = 2*x - 0*x + 32. List the prime factors of (-1 - 0)/(2/x).
2
Let j = -2 + 16. Suppose 0 = 3*u + 5*v - 9, -3*u + v + j = 5. Suppose 0 = m + 5, 5*y - 38 = u*y + 4*m. What are the prime factors of y?
3
Let j(n) = -n + 3. List the prime factors of j(-6).
3
Let c = 38 - 330. What are the prime factors of c/(-20) - 4/(-10)?
3, 5
Suppose 0 = -3*a - 5*f + 125, -2*f + 5*f + 51 = a. List the prime factors of a.
3, 5
Let k(l) = l**3 - 2*l**2 + 2*l - 4. List the prime factors of k(4).
2, 3
Suppose -2*h + 204 = 3*r + r, h = -5*r + 117. List the prime factors of h.
2, 23
Suppose -3*s = -3*j - 5 + 8, -14 = -s - 4*j. Suppose k + 12 = 4*x - 5, -2*k = -5*x + 19. Suppose s*v = -k*v + 80. List the prime factors of v.
2
Let t be (3/(12/80))/(-1). Let a = t + 33. What are the prime factors of a?
13
Let u(n) = 5*n - 11. What are the prime factors of u(5)?
2, 7
Let o(f) be the second derivative of f**6/360 + f**5/60 + f**3/3 + 2*f. Let y(r) be the second derivative of o(r). What are the prime factors of y(-3)?
3
Let r = 1 - -4. Let l = r - -7. List the prime factors of l.
2, 3
List the prime factors of 5 - -3 - 4 - -197.
3, 67
Let r(d) = 5*d - 1. Let q be r(1). Let v be (-22)/(-4) + 2/q. Suppose v = z - 3. What are the prime factors of z?
3
Suppose 0 = -u - 2*u + 111. List the prime factors of u.
37
Let z(p) = -15*p + 2*p - 4 + 5*p**2 + 13. Let i(x) = -6*x**2 + 14*x - 9. Let l(v) = -4*i(v) - 5*z(v). List the prime factors of l(7).
5
Let g(z) = z - 3. What are the prime factors of g(13)?
2, 5
Let w(i) = -i + 10. Let t be (-1 - 2)/((-4)/8). Let o be -2 - t/(-2 + -1). What are the prime factors of w(o)?
2, 5
Let m(g) = g**3 - 5*g**2 + 4*g + 2. Let t be m(4). Let i(d) = d**3 + 8*d**2 - 2*d - 9. Let f be i(-8). Suppose t*p = f*p - 50. What are the prime factors of p?
2, 5
Let d(n) = n**3 + 8*n**2 + 2*n + 8. Let o(g) = 2*g**3 + 15*g**2 + 3*g + 15. Let t(j) = -11*d(j) + 6*o(j). What are the prime factors of t(2)?
2, 5
Let x(o) = 5*o**2 - 6*o + 3. Let h(u) = -u + 1. Let j(w) = 5*h(w) - x(w). Let n(t) be the first derivative of j(t). List the prime factors of n(-1).
11
Let c(x) = -6*x**3 + x**2 - 2*x - 2. Suppose 2*y = -2 - 2. What are the prime factors of c(y)?
2, 3
Let z = 26 + -17. Let a(s) = s**3 - 9*s**2 + 6*s - 5. List the prime factors of a(z).
7
Suppose -5*b - 3 = 7. Let m be (b + 2)/(-3 + 2). Suppose -4*k + 16 = 4*x, 0 = 3*x - m*x - k - 32. What